Calculate the greatest common factor of q and 25.
25
Let x = -265 + 272. Suppose 5*q = -3 - 17, 2*t - 16 = 4*q. Suppose -x*n + 25 + 94 = t. Calculate the greatest common divisor of n and 17.
17
Let b(w) = -34*w + 33. Let t be b(-7). Suppose -1291 = -15*u - t. Suppose 2*s - 21 - 13 = 0. What is the highest common divisor of u and s?
17
Let w = -12 - -14. Suppose -9*f = -0*f - 54. Let n = 7 - f. Calculate the highest common factor of n and w.
1
Let a(n) = 12*n**2 + 9*n + 64. Let s(d) = d**2 - 28*d - 256. Let x be s(35). Let r be a(x). What is the greatest common divisor of 13 and r?
13
Let o(m) = m**2 - 8*m - 10. Let w be o(9). Let i be (w - 1*(-9)/3)*-2. Let c be (i/10)/((-7)/735). Calculate the greatest common divisor of 6 and c.
6
Let s = -16 - -21. Suppose s*q - 19 = 201. Suppose -4*c - 2*r = -214 + q, -3*r + 30 = c. What is the highest common factor of 18 and c?
9
Suppose 4*k = 9*m - 6*m - 1229, 3*k = -5*m + 2087. What is the greatest common factor of 20 and m?
5
Suppose 5*m - 85 - 75 = 0. Let y = m - 60. Let r = 54 + y. Calculate the greatest common divisor of r and 26.
26
Suppose -2*f = -6, -4*a - a + f + 27 = 0. Calculate the greatest common factor of a and 1257.
3
Let a = -236 + 1208. What is the greatest common divisor of a and 48?
12
Suppose 2*h = -2*m - 0*m + 12, 0 = -4*h - 2*m + 20. Suppose 11*x = h*x + 147. Let p = x - 19. Calculate the greatest common divisor of p and 8.
2
Let j = -35 + 45. Suppose j*k = -6*k + 224. Calculate the highest common divisor of k and 21.
7
Let m be 30*6/(-20)*-4. Let q be ((-1)/4 + 52/80)*(41 + 49). Calculate the greatest common divisor of m and q.
36
Suppose 421*o + 234 = 427*o. Calculate the greatest common factor of 54 and o.
3
Let c be (59 - 59) + 1*(-2 - 0). Let o be (6/(-4)*c)/(114/646). Calculate the greatest common divisor of o and 272.
17
Let p(c) = 2*c**2 + 17*c - 3. Let o be p(-9). Let l be 36/(-54) - (-438)/9. Calculate the greatest common factor of o and l.
6
Let w(o) = 1132*o - 12. Let h be w(3). Suppose 41*r - 32*r - h = 0. What is the highest common divisor of r and 47?
47
Suppose 0 = 42*n - 35*n - 35. Suppose 0 = 2*d + n*t - 1175, 7*t + 1225 = 2*d + 2*t. What is the highest common factor of d and 50?
50
Let l(x) = -108*x - 71. Let p be l(-1). Let c(j) = -703*j. Let z be c(-1). What is the greatest common factor of z and p?
37
Suppose 4*y - 5*a - 235 = 0, -2*y = -6*a + 3*a - 115. Calculate the highest common divisor of 1261 and y.
13
Suppose -832*x - 364 = -5*s - 831*x, 4 = -x. Let i(o) = 30*o - 12. Let g be i(10). Calculate the highest common factor of g and s.
72
Suppose -315*y + 328*y = 1768. What is the highest common factor of y and 3?
1
Let n(k) = -343*k + 2058. Let y be n(5). What is the greatest common divisor of y and 1421?
49
Suppose -5*x + 109 = -4*g, -x + g = 3*g - 19. Suppose -9*l + 34*l = 150. Let v(i) = 12*i + 12. Let j be v(l). Calculate the highest common divisor of x and j.
21
Suppose -z + 93 = 12. Suppose c - 13*c + 3036 = 0. Let g = -244 + c. Calculate the highest common divisor of z and g.
9
Suppose 13*y = 4618 - 1290. What is the greatest common divisor of 144 and y?
16
Let f = 31 - 7. Let d(m) be the second derivative of 4*m**3/3 - 56*m**2 + 54*m. Let z be d(20). Calculate the greatest common divisor of f and z.
24
Let v be (-3)/5 + 1939/(-35). Let x = v + 90. Calculate the greatest common divisor of x and 272.
34
Suppose 2*g + 5 = 9. Suppose 0*m = -5*v + 5*m, g*m + 7 = -5*v. Let w be (-31)/(v/(-3)*-3). Calculate the greatest common divisor of w and 31.
31
Let i = -52 - -52. Suppose -3*v - 5*u - 13 = i, 8*v - 3*v + 3*u - 5 = 0. What is the highest common divisor of 64 and v?
4
Let t(w) = w**3 + w**2 - 3*w + 124. Let d be t(0). Calculate the highest common divisor of d and 837.
31
Let f be 23*9 - 2/(-2). Let j = 17990 + -17910. Calculate the greatest common divisor of j and f.
16
Suppose 0 = 4*s - 3*b - 35 - 343, -4*b + 8 = 0. Calculate the greatest common divisor of 2080 and s.
32
Suppose -240 = -2*b - k, 3*b - 360 = -23*k + 27*k. Calculate the greatest common divisor of b and 555.
15
Let y(r) = r**3 - 12*r**2 + 10*r + 6. Let h be y(11). Let d be (-11 + 10 + h)*(0 - 30). What is the highest common factor of d and 15?
15
Let b = 53874 + -20207. Calculate the greatest common divisor of b and 257.
257
Let j = -130 + 134. Let a(g) = 14*g - 33. Let h be a(j). What is the highest common factor of 46 and h?
23
Let n = -117 - -163. Let g = n - 31. Calculate the highest common divisor of g and 555.
15
Suppose 5*o - g - 3574 = 30179, -o = -g - 6749. What is the highest common factor of 43 and o?
43
Suppose 125*w - 9728950 = -120*w. Calculate the greatest common divisor of 22 and w.
22
Let x = 108 + -107. Let w(f) = 5*f + 33. Let o(n) = 2*n + 1. Let k(l) = x*w(l) - 6*o(l). Let q be k(3). What is the greatest common divisor of q and 9?
3
Let o be -54 + (-30004)/(-117) + (-8)/18. What is the highest common factor of 11413 and o?
101
Suppose 0 = -4*p - 77 + 57. Let r be ((-141)/(-6))/(p/50*-5). Calculate the highest common divisor of r and 517.
47
Suppose 2*a - 4*j = -258, -106 = -3*a - j - 493. Let z be a/(-33) + 5/55. Let s be z/(-10) - (-1716)/165. Calculate the highest common divisor of 10 and s.
10
Suppose 4*n - 2*u - 166 = 0, -4*n - u = -53 - 128. What is the greatest common divisor of 3278 and n?
22
Let l be (12/16)/3 - (-70665)/140. Calculate the highest common factor of l and 2626.
101
Suppose -4*h + 17*f = 19*f - 38, 2*h - 17 = f. Let s = -61 - -178. What is the greatest common divisor of s and h?
9
Suppose -14*a - 702 = -11*a. Let h be 132 + (4/14 - a/63). Calculate the greatest common factor of 102 and h.
34
Let r = 410 - 227. Let f = -38 + r. Let k = -138 + f. Calculate the highest common divisor of 7 and k.
7
Suppose -22*r - 18*r - 368 = -488. What is the greatest common divisor of 1047 and r?
3
Let i be 120/240*(2 - (-2 + 3)*-28). Calculate the highest common divisor of i and 2895.
15
Suppose 684 + 2632 = 7*j - 212. Calculate the greatest common factor of j and 900.
36
Let r(u) = -u**2 - 10*u + 57. Let c be r(-11). Let g(v) = -35*v + 21. Let f be g(-4). What is the greatest common factor of f and c?
23
Let t(i) = 10*i**2 - 97*i - 410. Let o be t(14). What is the highest common divisor of o and 1952?
32
Suppose -25*a + 27*a - 318 = 0. Suppose -2*r - a = -809. Calculate the highest common factor of 26 and r.
13
Let a(f) = -45*f + 37. Let x be a(-7). Let h be (2 - 0 - (5 - 2)) + x. What is the highest common divisor of 39 and h?
39
Let p be (-233 - 1/(-1))/(14/(-28)). Suppose -2*g + 3*v = -p, 3*g + 2*v - 1024 + 302 = 0. Calculate the greatest common divisor of g and 34.
34
Let w = 16467 + -15699. What is the highest common divisor of 272 and w?
16
Let a = -3066 - -3074. What is the greatest common factor of a and 872?
8
Let u = -9931 - -13106. Calculate the highest common divisor of u and 254.
127
Let d(i) = i**2 + i - 2. Let s be d(-3). Let g = 79 - 76. Suppose g*n + 84 = 6*n. What is the highest common divisor of n and s?
4
Let u(x) = 17*x - 152. Let w = -144 - -154. Let g be u(w). Calculate the greatest common divisor of 102 and g.
6
Let t be 29 + (-18 - -13 - -9). Let m be (99/2)/((-1)/(-2)). What is the highest common divisor of m and t?
33
Suppose 7*b - 465 = 2*b. Let z = -1872 - -1811. Let o = b + z. Calculate the highest common factor of 80 and o.
16
Let k = -1899 + 2042. Calculate the highest common divisor of 26 and k.
13
Let j be (-516)/602 - (-7344)/42. What is the greatest common factor of 3045 and j?
87
Let w = -2231 - -3884. What is the highest common factor of 87 and w?
87
Let t be 3 + 80/600 + 88/15. Calculate the highest common factor of 1380 and t.
3
Let p(t) = 19*t + 752. Let y be p(-38). Let o = 814 - 469. What is the highest common divisor of o and y?
15
Let d = 2762 - 1772. Calculate the greatest common divisor of d and 275.
55
Let r be 22*((-6 - -5) + 3/1). Suppose 396 = 4*f + 14*f. Calculate the highest common divisor of f and r.
22
Suppose -5*p - 2 = -302. Suppose -3*s - 12 = -3*r, 6*r - 5*s = 11*r + 10. Let b be (6/(84/35))/(r/6). Calculate the highest common factor of p and b.
15
Let q be 4 - 2/(-4)*2. Suppose 0 = -0*g + q*g - 20. Calculate the greatest common factor of 64 and g.
4
Let i = 2676 - 2664. Calculate the highest common div